2)/(2/292). Let a = j - m. Is 8 a factor of a?
True
Let i(u) = u + 16. Let d = -40 + 49. Let c be i(d). Suppose p = 5*y + c, -2*y + 1 = -7. Is p a multiple of 9?
True
Let f be ((-9)/6)/((-7)/(-182)). Let g = f + -120. Let c = -109 - g. Does 25 divide c?
True
Let j be 4/12 - (3 + (-1853)/3). Let i(n) = -9*n + n**3 + j*n**2 + 3 - 4*n - 20 - 603*n**2. Is 38 a factor of i(-12)?
False
Let c be (-12)/(-18)*2*9. Let a = c + -11. Is (a + -2)*(1 + (0 - 55)) a multiple of 16?
False
Let j(v) = 3*v - 52. Let f be j(18). Does 12 divide -8*(355/(-10) + f)?
False
Is 28 a factor of -1*4 - (-282520)/70?
True
Let i = -1010 - -1716. Let l = -426 + i. Suppose 16*j - l = 11*j. Is 4 a factor of j?
True
Let l(b) = -b**2 + 46*b - 232. Let p be l(36). Suppose 127*k + 1099 = p*k. Is 11 a factor of k?
False
Suppose -3*d = 3*m - 14994, 28*d + 4974 = m + 25*d. Is 96 a factor of m?
True
Is (589/(-114))/(2/(-1101)) + (-37)/148 a multiple of 84?
False
Let d(x) = -51*x + 3. Let u be d(1). Does 5 divide (-36)/u + (-53)/(-4)?
False
Let p(m) = 30*m. Let b be p(-1). Let j be (b/(-8))/(7/28). Is 20 a factor of ((-100)/j)/((-2)/12)?
True
Let q(v) = -58*v**2 + 10*v - 54. Let f be q(4). Let o = f - -1334. Is o a multiple of 28?
True
Does 14 divide ((-20)/(-30))/(1/3)*(-281067)/(-19)?
False
Suppose -7*j + 3*j - 68 = 0. Let f(i) be the second derivative of -3*i**3/2 - 12*i**2 + 22*i. Is f(j) a multiple of 36?
False
Let m(g) = -4*g - 30. Let y be m(-9). Suppose 0 = y*n + 215 - 317. Is n a multiple of 3?
False
Does 58 divide 8835/190*232/6?
True
Let m(i) = -33 + 31*i - 289 - 107 + 2. Does 13 divide m(18)?
False
Suppose 304036 = 9*i - 50798. Does 16 divide i?
False
Suppose 4*c = f - 3135, -18*c = 5*f - 20*c - 15585. Is 7 a factor of f?
True
Let x be (-6 - 0) + 723 + 4 + -9. Suppose -x*o = -720*o + 688. Is 18 a factor of o?
False
Let i(h) = 13 - 27*h**2 - h**3 - 27*h + 2*h**2 + 6. Let k be (-39)/((-5265)/216)*(-1 - 14). Does 10 divide i(k)?
False
Let k = 60 - 49. Let d(u) = 2*u + 26. Let h be d(k). Let t = h - 41. Is t a multiple of 2?
False
Let f be 111/(-4) + ((-228)/(-16))/19. Let k = 81 + f. Does 3 divide k?
True
Let q = 6269 - 4284. Does 9 divide q?
False
Suppose -4*a + t = -20477, -2*t = 5*a + t - 25575. Suppose -a = 10*p - 13*p. Is p a multiple of 21?
False
Let h be 1*(-3 + (-7)/(7/5)). Let v(c) = -2*c**3 - 9*c**2 - 23*c + 14. Is v(h) a multiple of 19?
True
Is (-5)/((-9360)/1870 - -5) a multiple of 40?
False
Let w(a) = 26*a + 135. Let q(c) = c**3 + c**2 - 2*c + 10. Let f be q(0). Is 28 a factor of w(f)?
False
Let g(p) = -9*p - 13. Let n be g(-2). Suppose 2*x + o = -2*o + 741, n*o = 2*x - 765. Is x a multiple of 22?
False
Let n(z) = 9*z - 19. Let m(l) = -2*l + 15. Let u be m(9). Let d = 14 + u. Is n(d) a multiple of 16?
True
Suppose -384*a + 782*a - 825360 = 378*a. Is 72 a factor of a?
False
Let t = -55 - -57. Suppose 4*v + 16 = 0, 4*r + 0*v + t*v = -160. Let p = 45 + r. Is 7 a factor of p?
True
Is (59024/(-24))/(-1 + (-4)/(-6)) a multiple of 17?
True
Let x = 8480 + -4414. Does 107 divide x?
True
Is 36 a factor of (5 - (-114)/(-24)) + (2 - 2223/(-4))?
False
Let o = -8976 + 38628. Is 47 a factor of o?
False
Let k = 84254 - 45677. Does 231 divide k?
True
Let u(n) = 18*n**2 - 94*n + 15. Is u(6) a multiple of 13?
False
Suppose 4*v = 4*d + 36 - 8, -2*d = -v + 9. Suppose -v*c = -894 + 224. Does 2 divide c?
True
Let d(z) = 6*z - 27. Let s be d(5). Suppose -s*h + 368 = -172. Let g = 517 - h. Does 56 divide g?
False
Suppose -3*v - 3*z = -1065, 5*v - 1156 - 634 = -2*z. Suppose 28*b - v = 24*b. Does 4 divide b?
False
Suppose 30*v - 471061 = 4*v + 189599. Does 154 divide v?
True
Let h be (-33 - (-2 - 1)) + -2. Is (13/((-312)/h))/(2/27) a multiple of 8?
False
Suppose 0 = -49*y + 615996 - 82386. Is 55 a factor of y?
True
Let s = -293 + -208. Let z = s + 1077. Does 48 divide z?
True
Suppose 45*j = 27*j - 1566. Does 22 divide ((-3)/2)/(j/29348)?
True
Let b(f) = 3*f**3 - 3*f**2 + 11*f - 19. Let r be b(2). Is 77 - 5/r*15 a multiple of 8?
True
Let i(t) = 11*t + 15. Let r be i(-5). Let l = r + 36. Is 30 a factor of 0 - (8/l + -160)?
False
Suppose 15063 = 5*a - 3*v - 16542, -3*a + 18949 = v. Is a a multiple of 18?
True
Suppose 4*c = 0, -16*d + 2*c = -14*d - 24. Suppose 4*n + 1134 = 2*s, -d*n = 2*s - 8*n - 1142. Is s a multiple of 47?
False
Let f = -30950 - -63013. Is f a multiple of 18?
False
Let k = 293 - 290. Suppose k*g - 2448 = 2*a, -2*g + 5*a = 2*g - 3264. Is g a multiple of 48?
True
Suppose 26 = 2*s + 22. Suppose -q + 9 = -2*u - u, 3*q - 71 = -s*u. Is 21 a factor of q?
True
Let x be 14/91 - 100/(-26). Let p(s) = 89*s**3 - s**2 - 3*s + 5. Let l(f) = 179*f**3 - f**2 - 6*f + 9. Let c(o) = x*l(o) - 7*p(o). Is 24 a factor of c(1)?
False
Suppose -15106 = -4*x + 2*s, 5*x - 3*s - 4020 = 14863. Is 118 a factor of x?
True
Is 45 a factor of (30/(-2))/((-700)/1806000)?
True
Let g(w) = 16*w**3 + 11*w**2 - 49*w + 718. Does 18 divide g(11)?
True
Let b(g) = -56*g - 24. Let t be b(-6). Suppose k - 601 = -3*c, -3*c + t = -k - 281. Does 15 divide c?
False
Suppose -551 - 489 = -52*t. Suppose t*n = 4361 - 61. Is 18 a factor of n?
False
Let u = 10888 - 5846. Does 10 divide u?
False
Suppose 5*n = -2*o + 17, -o - n = -2*o + 26. Is 2/14 + 879/o a multiple of 3?
True
Let c(k) = k**2 - 9*k - 20. Let w be 7/14*1*24. Let r be c(w). Suppose 2*j + 3*n = 8*n + 40, 0 = 2*j + n - r. Is 6 a factor of j?
False
Let t(a) = -2*a**2 + 45*a + 4960. Is 160 a factor of t(0)?
True
Suppose 0 = -10*v - 7*v + 119. Suppose 0 = -4*m + h - v*h + 170, -2*m - 5*h + 95 = 0. Is m a multiple of 5?
True
Let f(y) be the second derivative of -5/3*y**3 + 18*y + 6*y**2 + 1/12*y**4 + 0. Does 17 divide f(13)?
True
Suppose 0 = 5*v + 4*a - 6*a - 2636, 2*v - 4*a - 1048 = 0. Suppose 393 = -4*o + 7*o + 2*r, -4*o = 4*r - v. Does 43 divide o?
True
Let j be 1996 - 2/(-6)*3. Suppose 5*g - j + 692 = 2*m, -4*m = -g + 279. Suppose 0*l + 2*l + 5*d - 113 = 0, -g = -4*l + d. Is l a multiple of 4?
True
Let y(x) = -1847*x**3 - 11*x**2 - 21*x - 9. Does 168 divide y(-1)?
True
Let s(k) = 127*k + 212*k - 3 - 195*k. Let g be s(1). Let v = g - 77. Is 16 a factor of v?
True
Suppose 3*q - 37922 = -t, -5*q - 123436 = -5*t + 66234. Does 16 divide t?
False
Is 84 a factor of (0 + 51/(-6))*(-53898)/39?
False
Suppose 14*u + 19*u - 90915 = 0. Suppose -5*n + z + u = 0, 5*n - 2735 = 2*z + 3*z. Is 23 a factor of n?
True
Suppose 16941 = 6*l - 8691. Suppose 17*m - l = 1202. Does 14 divide m?
True
Let p = 29363 + -10367. Is 20 a factor of p?
False
Let c(l) be the third derivative of -l**5/60 - 5*l**4/12 - 19*l**3/6 - 12*l**2. Let z be c(-7). Is ((-2)/(-4))/(z/416*1) a multiple of 8?
True
Let x(k) = 622*k**2 - 185*k - 947. Is x(-5) a multiple of 24?
True
Let q(m) = -7*m**3 + 11*m**2 - 2*m + 16. Is q(-5) a multiple of 28?
True
Let f(a) be the second derivative of 7*a**3/6 - 32*a**2 + 37*a. Let l be f(10). Suppose -7*p = -z - l*p + 173, -2*z + 337 = -5*p. Does 16 divide z?
True
Does 15 divide (-27918)/(-42) - -10 - (-4)/14?
True
Let k(t) = -15*t + 60. Let o be k(4). Suppose 8*m - 1522 - 1294 = o. Does 11 divide m?
True
Does 13 divide 173360/286 - (-2)/(-13)?
False
Let u(q) = 7 - q + q + 3*q. Let g(t) = -45*t - 178. Let r be g(-4). Does 2 divide u(r)?
False
Let g = 2589 + -2585. Let v be 297/(0 - 3/(-8)). Is (-2)/g + v/16 a multiple of 16?
False
Let y(x) = -x**2 - 14 + 6*x**2 - 2 - 5*x + x**2. Is y(4) a multiple of 8?
False
Let o = 23991 + -13192. Is o a multiple of 5?
False
Let g be (-22)/(-2 - (-12)/8). Let k = g + -43. Suppose -t = 4*m - 131, -m + 27 = -2*t + k. Is m even?
True
Suppose 0 = 5*d - 5*s + 60, -2*d - s = -0*s + 15. Let i be (d/(-3))/((-3)/(-32)). Suppose i = 3*n + 5*n. Is n a multiple of 4?
True
Let k(r) = r**2 + 12*r + 24. Let u be k(-9). Let t(m) = 10*m**2 - m - 21. Is t(u) a multiple of 3?
True
Let b(h) = -h**3 - h**2 + 3*h - 8. Let o be b(4). Let w = 79 + o. Is 3 a factor of w*3*52/39?
True
Let z = -94 + 97. Suppose -z*v - 488 = -4457. Is v a multiple of 49?
True
Suppose -14 = -3*s + 5*t, -t + 1 - 2 = 0. Suppose -s*a + 52 = 4*r, 4*a - 68 = -r - 4*r. Suppose -6*n = -a*n + 102. Does 7 divide n?
False
Suppose -z + 4482 + 2280 = -a, 3*a + 27044 = 4*z. Is z a multiple of 31?
True
Does 5 divide ((-20)/(-5) - -5235) + (33 - 28)?
False
Let a be 8 + ((-430)/129)/(2/3). Is (9/(-4))/a + 